 -30*w + 36*w - 252. Let z = 3 - -11. Calculate the greatest common divisor of w and z.
14
Let t be (-784)/(-8) + (2 - -1). Suppose -3*b + z + t = 0, -70 = -2*b - 6*z + 4*z. What is the highest common factor of b and 17?
17
Suppose 5*d = w - 637, 4*w + 2*d = -2*d + 2572. What is the highest common divisor of 12 and w?
6
Let q = 29 - 26. Suppose 10 = -x + 1. Let b be -3*(0 - (-3)/x). Calculate the highest common divisor of q and b.
1
Let b be ((-15)/1)/(-5 - (-736)/148). Let y be b/6 + (-2)/(-4). What is the greatest common factor of y and 31?
31
Let j = 3 - 3. Suppose 3*m + 4 - 16 = j. Suppose 0*o = m*o - 60. What is the greatest common factor of 3 and o?
3
Let c(h) = h**2 + 5*h - 119. Let q be c(9). What is the greatest common factor of q and 371?
7
Let p be (24/10)/((-6)/(-30)). Suppose 3*v + j + 0*j - 19 = 0, 3*v - 49 = 5*j. Calculate the highest common divisor of p and v.
4
Let k(n) = n**3 + 23*n**2 + 21*n - 17. Let u be k(-22). Let v be 281/u + 1/(-5). Calculate the greatest common divisor of v and 42.
14
Let p be 0 + -3 - 30/(-6). Suppose -4*h + 3*g = -327, 0*h = 4*h - p*g - 330. Let a = 18 - 6. Calculate the greatest common divisor of h and a.
12
Let h = -80 - -83. Let z be (-10976)/(-128) - (18/8)/h. Let u(b) = 8*b + 2. Let r be u(4). Calculate the greatest common factor of z and r.
17
Suppose -5*y - 2*c = -48, -39 = -4*y - 0*y - c. Let b be (-6)/y - 415/(-25). Calculate the greatest common factor of b and 2.
2
Suppose 13*s - 4120 = 638. What is the highest common divisor of s and 12?
6
Let g be -2*1/(-5)*(-196 + 261). What is the highest common factor of g and 1872?
26
Suppose -2*k = 3*k. Suppose r - 10 = -3*x, -5*x - 2 = -r - k*r. What is the highest common factor of 63 and r?
7
Let x(j) = 8*j**3 - j**2 - 9*j + 10. Let m be x(1). Calculate the highest common factor of m and 54.
2
Suppose -5*j = -2*g + 10, 7*j - g = 4*j - 5. Suppose 10*x - 13*x - 3 = j. Let q be -4*-2*(x - -3). What is the greatest common factor of q and 24?
8
Let f be 4 + (2 - 5) - -27. Suppose -12*x + 11*x = -f. Let p(i) = i**2 - 3*i + 2. Let j be p(-5). Calculate the highest common divisor of j and x.
14
Let x(w) = 3*w**2 - 15*w + 11. Let y be x(7). Let v = 74 - y. Calculate the greatest common divisor of 231 and v.
21
Let d be 12420/253 - (-12)/(-11). Calculate the greatest common divisor of 516 and d.
12
Let d = 70 + -67. Calculate the greatest common divisor of 168 and d.
3
Suppose -28*z + 22*z = -2160. Calculate the highest common factor of 160 and z.
40
Suppose 3*f - 27 = -x, 0 = x + x - 4*f - 44. Calculate the greatest common divisor of 56 and x.
8
Suppose 6*k = -k + 2268. Calculate the highest common factor of 36 and k.
36
Let k = 101 + -97. Suppose 6 = 2*g - 4*f + 2, -3*g + k*f + 6 = 0. Let h(b) = -4*b + 4. Let s be h(-3). Calculate the highest common factor of s and g.
2
Suppose 38 = -k - 2*l + 111, -267 = -4*k - 3*l. Suppose -5*s + 57 + k = 0. What is the greatest common factor of 32 and s?
8
Let f = -2088 - -4370. What is the highest common factor of f and 14?
14
Let f be (-1035)/30*4/(-6). What is the greatest common factor of f and 69?
23
Let j(q) = 10*q - 6. Let w be j(4). Let d = w - 22. Suppose 7 = -2*s + 43. What is the highest common divisor of d and s?
6
Suppose 5*i - 399 = 3*c, 2*i - 123 = -4*c + 47. Calculate the highest common factor of 405 and i.
81
Let a = -108 - -113. Let x(z) = z**3 - 2*z**2 - 3*z - 1. Let b be x(4). Suppose -s + 14 = o, a*o - 53 + b = 4*s. Calculate the highest common factor of o and 5.
5
Let u(s) = -3*s**2 - 52*s - 39. Let k be u(-15). What is the greatest common divisor of k and 352?
22
Let j(t) = -t**2 - 16*t + 10. Let k be j(-14). Calculate the greatest common divisor of 1634 and k.
38
Let m = -25 + 39. Suppose -15*f + 11*f = -280. Calculate the greatest common divisor of m and f.
14
Suppose 0*m = 4*m + 4, 0 = -4*w - m + 1519. Calculate the greatest common divisor of w and 8.
4
Let o(l) = 3*l**2 + 7*l + 8. Let f be o(-3). Suppose 0 = -4*p + f + 38. Let z be (-75 - 3)/(2/(-3)). What is the highest common factor of z and p?
13
Let w be 6/(1015/497 + -2). Calculate the highest common divisor of 71 and w.
71
Let l(a) = -a**3 + 20*a**2 + 70*a - 1009. Let t be l(21). What is the highest common factor of t and 190?
10
Suppose 0 = -3*l - 4*s + 32, 0*s = l + 5*s - 18. Suppose l*q - 502 = 506. What is the greatest common factor of 14 and q?
14
Let w(n) = -5*n - 105. Let l be w(-24). Calculate the highest common divisor of l and 75.
15
Suppose 5*f - 4*j = 846, 545 + 130 = 4*f - 5*j. What is the greatest common factor of 272 and f?
34
Let d = 52 + -36. Let k(x) = -5*x**3 + 4*x**2 + 7*x + 28. Let b be k(-4). Suppose -60*j + 66*j = b. Calculate the greatest common factor of j and d.
16
Suppose 4*t - 30 = -f + 3*t, -166 = -5*f - t. Suppose -561 = 5*p - 816. What is the highest common divisor of f and p?
17
Let h = 1284 - 1279. What is the greatest common divisor of 860 and h?
5
Let i(m) = -4*m + 55. Let o be i(12). Calculate the highest common divisor of o and 77.
7
Let v(b) = 13*b - 65. Let n be v(7). Calculate the greatest common divisor of 1898 and n.
26
Suppose 0 = -54*o + 795 - 255. Calculate the highest common divisor of o and 830.
10
Suppose -3*s = 2*s + 5*a - 325, 2*a = -3*s + 198. Let k(l) = -l**3 + 9*l**2 - 12*l + 112. Let u be k(9). Calculate the greatest common factor of s and u.
4
Let b(w) = 3 + 0*w - 49*w**3 - 2*w**2 - w + 50*w**3. Let i be b(3). Suppose -c + i + 6 = 0. Calculate the highest common factor of 30 and c.
15
Let q = 133 + -7. Let b(c) = -2 + 15*c**3 + 0 - c + 5 - 2 - c**2. Let h be b(1). Calculate the highest common factor of q and h.
14
Let w(m) = -3*m - 71. Let o be w(-26). Suppose 130 = 4*t - 2*g, -2*t - 140 = -o*t - 2*g. What is the greatest common divisor of t and 210?
30
Suppose -132 = -h + 5*h. Let f be 0 - (4 - 2)*h. Calculate the highest common factor of f and 6.
6
Suppose -220 = 15*i - 1630. What is the greatest common divisor of 6 and i?
2
Suppose -9*o + 12*o + 84 = 3*u, 4*u + o - 92 = 0. Suppose -2*i - 2*i = z - 47, z - 23 = -2*i. What is the greatest common factor of i and u?
12
Suppose 15 = -p + 4*g, p + 19 = -0*p + 5*g. Let z be 18/6 - (p - 0). What is the greatest common divisor of z and 2?
2
Suppose 3*p = 2*l + 1472, -2*l - 2*l = 2*p - 992. Calculate the highest common factor of p and 36.
12
Let y = 209 - 191. Calculate the greatest common factor of y and 9.
9
Suppose -5*g + 40 = -5*u, 27 = -4*u + 3*g - 9. Let x = 33 + u. What is the greatest common factor of x and 9?
3
Suppose 0 = -4*k + 10 - 2. Suppose k*w = 6*w - 220. Calculate the highest common divisor of 22 and w.
11
Let h(p) = 10*p**3 + 2. Let n be h(2). Let t = n - 65. Calculate the greatest common divisor of t and 17.
17
Let j be 11780/248*(-1)/1*2. Let d = 112 + j. What is the greatest common factor of 1 and d?
1
Suppose -l + 11 = 165. Let s = l - -266. Calculate the greatest common divisor of 14 and s.
14
Let b be 12/(-3) + 6 - -4. Let u be (-2)/3*9/b. Let c be (u + -4 + 2)*-2. Calculate the greatest common factor of c and 30.
6
Suppose -74 = -4*u - 5*h, -u + 4*u + 4*h = 56. Suppose 7*i - u = 3*i. Calculate the highest common factor of 4 and i.
4
Let x = -23 - -68. Let n be ((-126)/(-1))/(30/x). Calculate the highest common divisor of n and 27.
27
Suppose -k - 17*k = -2268. What is the highest common divisor of k and 117?
9
Suppose -5*m = -2*m + 405. Let g be (-1)/(1 - (-138)/m). Let z = -75 + 80. What is the greatest common factor of g and z?
5
Suppose -5*v = u - 4*u + 994, v - 1 = 0. What is the highest common factor of 27 and u?
9
Let v be (-117)/(-13) - (3 - (1 + -1)). Suppose 5*n - c = v + 14, 25 = -5*c. What is the greatest common factor of 21 and n?
3
Suppose -a - 2*b = -3*b - 42, -6 = -3*b. What is the highest common factor of 11 and a?
11
Let o = 1355 + -785. Suppose 4*f - o = -g, g - 165 + 24 = -f. Let b(s) = -s + 6. Let x be b(-7). Calculate the highest common factor of x and f.
13
Suppose -2*x = -x - 2. Let b = 236 - 156. Suppose x*v = 128 + b. What is the highest common factor of 13 and v?
13
Let s = 26 - 18. Suppose -2*f - 96 = -s*f. What is the highest common divisor of 24 and f?
8
Suppose -3*j + 43 = -2*h, -61 = -4*j - 3*h + 2*h. What is the highest common factor of 5 and j?
5
Suppose 0*m = 3*b + 5*m - 48, -